/*
SQLyog Ultimate v13.1.1 (64 bit)
MySQL - 5.5.68-MariaDB : Database - evakippn
*********************************************************************
*/



/*Table structure for table `keys` */


CREATE TABLE `keys` (
  `id` int(11) NOT NULL AUTO_INCREMENT,
  `user_id` int(11) NOT NULL,
  `key` varchar(40) NOT NULL,
  `level` int(2) NOT NULL,
  `ignore_limits` tinyint(1) NOT NULL DEFAULT '0',
  `is_private_key` tinyint(1) NOT NULL DEFAULT '0',
  `ip_addresses` text,
  `date_created` int(11) NOT NULL,
  PRIMARY KEY (`id`)
) ENGINE=InnoDB AUTO_INCREMENT=2 DEFAULT CHARSET=utf8;

/*Data for the table `keys` */

insert  into `keys`(`id`,`user_id`,`key`,`level`,`ignore_limits`,`is_private_key`,`ip_addresses`,`date_created`) values 
(1,1,'1234',1,0,0,NULL,1);

/*Table structure for table `ref_holiday_calendar` */


CREATE TABLE `ref_holiday_calendar` (
  `holiday_date` date NOT NULL,
  `keterangan` text,
  PRIMARY KEY (`holiday_date`)
) ENGINE=InnoDB DEFAULT CHARSET=latin1;

/*Data for the table `ref_holiday_calendar` */

insert  into `ref_holiday_calendar`(`holiday_date`,`keterangan`) values 
('2022-01-01','Saturday | Tahun Baru 2022 Masehi'),
('2022-02-01','Tahun Baru Imlek 2573 Kongzili'),
('2022-02-28','Isra Mikraj Nabi Muhammad SAW'),
('2022-04-29','Hari Raya Idulfitri 1443 Hijriah'),
('2022-05-01','Sunday | Hari Buruh Internasional'),
('2022-05-02','Hari Raya Idulfitri 1443 Hijriah'),
('2022-05-03','Hari Raya Idulfitri 1443 Hijriah'),
('2022-05-04','Hari Raya Idulfitri 1443 Hijriah'),
('2022-05-05','Hari Raya Idulfitri 1443 Hijriah'),
('2022-05-06','Hari Raya Idulfitri 1443 Hijriah'),
('2022-05-15','Wafat Isa Almasih/Wafat Yesus Kristus'),
('2022-05-16','Hari Raya Waisak 2566 BE'),
('2022-05-26','Kenaikan Isa Almasih/Kenaikan Yesus Kristus'),
('2022-06-01','Hari Lahir Pancasila'),
('2022-07-09','Saturday | Hari Raya Iduladha 1443 Hijriah'),
('2022-07-30','Saturday | Tahun Baru Islam 1444 Hijriah'),
('2022-08-17','Hari Kemerdekaan Republik Indonesia'),
('2022-10-08','Saturday | Maulid Nabi Muhammad SAW.'),
('2022-12-25','Sunday | Hari Raya Natal'),
('2023-01-01','Sunday | Tahun Baru Masehi'),
('2023-01-22','Sunday | Tahun Baru Imlek'),
('2023-01-23','Cuti Bersama Tahun Baru Imlek'),
('2023-02-18','Saturday | Isra Miraj'),
('2023-03-22','Hari Suci Nyepi'),
('2023-03-23','Cuti Bersama Hari Suci Nyepi'),
('2023-04-07','Jumat Agung'),
('2023-04-19','Cuti Bersama Lebaran'),
('2023-04-20','Cuti Bersama Lebaran'),
('2023-04-21','Cuti Bersama Lebaran'),
('2023-04-24','Cuti Bersama Lebaran'),
('2023-04-25','Cuti Bersama Lebaran'),
('2023-04-26','Cuti Bersama Lebaran'),
('2023-05-01','Hari Buruh'),
('2023-05-18','Kenaikan Isa Almasih'),
('2023-06-01','Hari Lahir Pancasila'),
('2023-06-02','Cuti Bersama Hari Waisak'),
('2023-06-04','Sunday | Hari Waisak'),
('2023-06-28','Idul Adha'),
('2023-06-29','Cuti Bersama Idul Adha'),
('2023-07-19','Tahun Baru Islam'),
('2023-08-19','Hari Kemerdekaan'),
('2023-09-28','Maulid Nabi Muhammad SAW'),
('2023-12-25','Hari Natal'),
('2023-12-26','Cuti Bersama Hari Natal'),
('2024-01-01','Tahun Baru 2024 Masehi'),
('2024-02-08','Isra Mikraj Nabi Muhammad SAW'),
('2024-02-09','Tahun Baru Imlek 2575 Kongzili'),
('2024-02-10','Tahun Baru Imlek 2575 Kongzili'),
('2024-03-11','Hari Suci Nyepi Tahun Baru Saka 1946'),
('2024-03-12','Hari Suci Nyepi Tahun Baru Saka 1946'),
('2024-03-29','Wafat Isa Al Masih'),
('2024-03-31','Hari Paskah'),
('2024-04-08','Hari Raya Idul Fitri 1445 Hijriah'),
('2024-04-09','Hari Raya Idul Fitri 1445 Hijriah'),
('2024-04-10','Hari Raya Idul Fitri 1445 Hijriah'),
('2024-04-11','Hari Raya Idul Fitri 1445 Hijriah'),
('2024-04-12','Hari Raya Idul Fitri 1445 Hijriah'),
('2024-04-15','Hari Raya Idul Fitri 1445 Hijriah'),
('2024-05-01','Hari Buruh Internasional'),
('2024-05-09','Kenaikan Isa Al Masih'),
('2024-05-10','Kenaikan Isa Al Masih'),
('2024-05-23','Hari Raya Waisak 2568 BE'),
('2024-05-24','Hari Raya Waisak'),
('2024-06-01','Hari Lahir Pancasila'),
('2024-06-17','Hari Raya Idul Adha 1445 Hijriah'),
('2024-06-18','Hari Raya Idul Adha 1445 Hijriah'),
('2024-07-07','Tahun Baru Islam 1446 Hijriah'),
('2024-08-17','Hari Kemerdekaan Republik Indonesia'),
('2024-09-16','Maulid Nabi Muhammad SAW'),
('2024-12-25','Hari Raya Natal.'),
('2024-12-26','Hari Raya Natal.');

/*Table structure for table `ref_indikator` */


CREATE TABLE `ref_indikator` (
  `id` int(11) NOT NULL AUTO_INCREMENT,
  `sasaran_id` int(11) DEFAULT NULL,
  `id_iku` int(11) NOT NULL,
  `nama` text,
  `penjelasan` text,
  `pembilang` text,
  `penyebut` text,
  `satuan_unit` char(1) DEFAULT NULL COMMENT '1:%,2:Perkara',
  `urutan` int(11) DEFAULT NULL,
  `aktif` char(1) DEFAULT 'Y',
  `diinput_oleh` varchar(30) DEFAULT NULL,
  `diinput_tanggal` datetime DEFAULT NULL,
  `diperbaharui_oleh` varchar(30) DEFAULT NULL,
  `diperbaharui_tanggal` datetime DEFAULT NULL,
  PRIMARY KEY (`id`)
) ENGINE=InnoDB AUTO_INCREMENT=23 DEFAULT CHARSET=latin1;

/*Data for the table `ref_indikator` */

insert  into `ref_indikator`(`id`,`sasaran_id`,`id_iku`,`nama`,`penjelasan`,`pembilang`,`penyebut`,`satuan_unit`,`urutan`,`aktif`,`diinput_oleh`,`diinput_tanggal`,`diperbaharui_oleh`,`diperbaharui_tanggal`) values 
(1,1,1,'Persentase Perkara Perdata yang Diselesaikan Tepat Waktu',NULL,NULL,NULL,'1',1,'Y',NULL,NULL,NULL,NULL),
(2,1,1,'Persentase Perkara Pidana yang Diselesaikan Tepat Waktu',NULL,NULL,NULL,'1',3,'Y',NULL,NULL,NULL,NULL),
(3,1,1,'Jumlah Putusan Yang Menggunakan Pendekatan Keadilan Restoratif','<ul><li>SK Direktur Jenderal Badan Peradilan Umum Nomor 1691/DJU/SK/PS.00/12/2020 tentang Pedoman Penerapan Restoratif Justice di Lingkungan Peradilan Umum.</li>\r\n	<li>Jumlah perkara yang diselesaikan dengan restoratif adalah perkara pidana yang diselesaikan dengan pendekatan restoratif dalam perkara, Narkotika melalui penyelesaian non penal melalui rehabilitasi.</li>\r\n	<li>Perkara yang diajukan untuk restoratif adalah jumlah perkara narkotika yang diajukan Penyelesaian Pendekatan RJ.</li></ul>','Jumlah Perkara yang diselesaikan dengan restoratif','Jumlah Perkara yang diajukan untuk restoratif','1',5,'Y',NULL,NULL,NULL,NULL),
(4,1,1,'Persentase Perkara yang Tidak Mengajukan Upaya Hukum Banding',NULL,NULL,NULL,'1',6,'Y',NULL,NULL,NULL,NULL),
(5,1,1,'Persentase Perkara Yang Tidak Mengajukan Upaya Hukum Kasasi',NULL,NULL,NULL,'1',7,'Y',NULL,NULL,NULL,NULL),
(6,1,1,'Persentase Perkara Anak yang Diselesaikan dengan Diversi',NULL,NULL,NULL,'1',8,'Y',NULL,NULL,NULL,NULL),
(7,1,1,'Index Persepsi Pencari Keadilan Yang Puas Terhadap Layanan Peradilan','<ul>\r\n                <li>Peraturan Menteri Pendayagunaan Aparatur Negara dan Reformasi Birokrasi Republik Indonesia Nomor 14 Tahun 2017 tentang Pedoman Penyusunan Survei Kepuasan Masyarakat Unit Penyelengara Pelayanan Publik.</li>\r\n                <li>Nilai Persepsi minimal 3,6 dengan nilai konversi interval IKM Index harus ?80.</li>\r\n            </ul>','Nilai Survei Kepuasan Masyarakat (Max 4.0)','Nilai konversi interval IKM Index (Max.100)','1',9,'Y',NULL,NULL,NULL,NULL),
(8,2,2,'Persentase Salinan Putusan Perkara Perdata yang disampaikan ke para Pihak tepat waktu',NULL,NULL,NULL,'1',10,'Y',NULL,NULL,NULL,NULL),
(9,2,2,'Persentase Salinan Putusan Perkara Pidana yang disampaikan ke para pihak tepat waktu',NULL,NULL,NULL,'1',11,'Y',NULL,NULL,NULL,NULL),
(10,2,2,'Persentase Perkara yang Diselesaikan Melalui Mediasi',NULL,NULL,NULL,'1',12,'Y',NULL,NULL,NULL,NULL),
(11,3,3,'Presentase perkara prodeo yang diselesaikan',NULL,NULL,NULL,'1',13,'Y',NULL,NULL,NULL,NULL),
(12,3,3,'Presentase perkara yang diselesaikan diluar gedung pengadilan',NULL,'Jumlah Perkara yang Diselesaikan diluar Gedung Pengadilan','Jumlah Perkara yang diajukan Diselesaikan diluar Gedung Pengadilan','1',14,'Y',NULL,NULL,NULL,NULL),
(13,3,3,'Presentase Pencari Keadilan Golongan Tertentu yang mendapat Layanan Bantuan Hukum (Posbakum)','<ul>\r\n                <li>PERMA Nomor 1 Tahun 2014 tentang Pedoman Pemberian Layanan Hukum Bagi Masyarakat Tidak Mampu di Pengadilan.</li>\r\n                <li>Golongan Tertentu adalah setiap orang atau kelompok orang yang tidak mampu secara ekonomi dan atau tidak memiliki akses pada informasi Konsultasi Hukum yang memerlukan Layanan Hukum</li>\r\n                <li>Jumlah Layanan Hukum adalah jumlah Pencari Keadilan yang terdaftar pada Register Posbakum</li>\r\n            </ul>','Jumlah Pencari Keadilan Golongan Tertentu yang Mendapatkan Layanan Bantuan Hukum','Jumlah Permohonan Layanan Hukum','1',15,'Y',NULL,NULL,NULL,NULL),
(14,4,4,'Persentase Putusan Perkara Perdata yang Ditindak lanjuti (Dieksekusi)',NULL,NULL,NULL,'1',16,'Y',NULL,NULL,NULL,NULL),
(21,1,1,'Persentase Perkara PHI yang Diselesaikan Tepat Waktu',NULL,NULL,NULL,'1',2,'Y',NULL,NULL,NULL,NULL),
(22,1,1,'Persentase Perkara Pidana Khusus TIPIKOR yang diselesaikan',NULL,NULL,NULL,'1',4,'Y',NULL,NULL,NULL,NULL);

/*Table structure for table `ref_indikator_copy` */


CREATE TABLE `ref_indikator_copy` (
  `id` int(11) NOT NULL AUTO_INCREMENT,
  `id_iku` int(11) NOT NULL,
  `nama` text,
  `penjelasan` text,
  `pembilang` text,
  `penyebut` text,
  `satuan_unit` char(1) DEFAULT NULL COMMENT '1:%,2:Perkara',
  `diinput_oleh` varchar(30) DEFAULT NULL,
  `diinput_tanggal` datetime DEFAULT NULL,
  `diperbaharui_oleh` varchar(30) DEFAULT NULL,
  `diperbaharui_tanggal` datetime DEFAULT NULL,
  PRIMARY KEY (`id`)
) ENGINE=InnoDB AUTO_INCREMENT=15 DEFAULT CHARSET=latin1;

/*Data for the table `ref_indikator_copy` */

insert  into `ref_indikator_copy`(`id`,`id_iku`,`nama`,`penjelasan`,`pembilang`,`penyebut`,`satuan_unit`,`diinput_oleh`,`diinput_tanggal`,`diperbaharui_oleh`,`diperbaharui_tanggal`) values 
(1,1,'Persentase Perkara Perdata yang Diselesaikan Tepat Waktu',NULL,NULL,NULL,'1',NULL,NULL,NULL,NULL),
(2,2,'Persentase Perkara Pidana yang Diselesaikan Tepat Waktu',NULL,NULL,NULL,'1',NULL,NULL,NULL,NULL),
(3,3,'Jumlah Putusan Yang Menggunakan Pendekatan Keadilan Restoratif','<ul>\r\n	<li>SK Direktur Jenderal Badan Peradilan Umum Nomor 1691/DJU/SK/PS.00/12/2020 tentang Pedoman Penerapan Restoratif Justice di Lingkungan Peradilan Umum.</li>\r\n	<li>Jumlah perkara yang diselesaikan dengan restoratif adalah perkara pidana yang diselesaikan dengan pendekatan restoratif dalam perkara, Narkotika melalui penyelesaian non penal melalui rehabilitasi.</li>\r\n	<li>Perkara yang diajukan untuk restoratif adalah jumlah perkara narkotika yang diajukan Penyelesaian Pendekatan RJ.</li>\r\n</ul>','Jumlah Perkara yang diselesaikan dengan restoratif','Jumlah Perkara yang diajukan untuk restoratif','1',NULL,NULL,NULL,NULL),
(4,4,'Persentase Perkara yang Tidak Mengajukan Upaya Hukum Banding',NULL,NULL,NULL,'1',NULL,NULL,NULL,NULL),
(5,5,'Persentase Perkara Yang Tidak Mengajukan Upaya Hukum Kasasi',NULL,NULL,NULL,'1',NULL,NULL,NULL,NULL),
(6,5,'Persentase Perkara Anak yang Diselesaikan dengan Diversi',NULL,NULL,NULL,'1',NULL,NULL,NULL,NULL),
(7,7,'Index Persepsi Pencari Keadilan Yang Puas Terhadap Layanan Peradilan','<ul>\r\n                <li>Peraturan Menteri Pendayagunaan Aparatur Negara dan Reformasi Birokrasi Republik Indonesia Nomor 14 Tahun 2017 tentang Pedoman Penyusunan Survei Kepuasan Masyarakat Unit Penyelengara Pelayanan Publik.</li>\r\n                <li>Nilai Persepsi minimal 3,6 dengan nilai konversi interval IKM Index harus ?80.</li>\r\n            </ul>','Nilai Survei Kepuasan Masyarakat (Max 4.0)','Nilai konversi interval IKM Index (Max.100)','1',NULL,NULL,NULL,NULL),
(8,8,'Persentase Salinan Putusan Perkara Perdata yang disampaikan ke para Pihak tepat waktu',NULL,NULL,NULL,'1',NULL,NULL,NULL,NULL),
(9,9,'Persentase Salinan Putusan Perkara Pidana yang disampaikan ke para pihak tepat waktu',NULL,NULL,NULL,'1',NULL,NULL,NULL,NULL),
(10,10,'Persentase Perkara yang Diselesaikan Melalui Mediasi',NULL,NULL,NULL,'1',NULL,NULL,NULL,NULL),
(11,11,'Presentase perkara prodeo yang diselesaikan\r\n',NULL,NULL,NULL,'1',NULL,NULL,NULL,NULL),
(12,12,'Presentase perkara yang diselesaikan diluar gedung pengadilan',NULL,'Jumlah Perkara yang Diselesaikan diluar Gedung Pengadilan','Jumlah Perkara yang diajukan Diselesaikan diluar Gedung Pengadilan','1',NULL,NULL,NULL,NULL),
(13,13,'Presentase Pencari Keadilan Golongan Tertentu yang mendapat Layanan Bantuan Hukum (Posbakum)','<ul>\r\n                <li>PERMA Nomor 1 Tahun 2014 tentang Pedoman Pemberian Layanan Hukum Bagi Masyarakat Tidak Mampu di Pengadilan.</li>\r\n                <li>Golongan Tertentu adalah setiap orang atau kelompok orang yang tidak mampu secara ekonomi dan atau tidak memiliki akses pada informasi Konsultasi Hukum yang memerlukan Layanan Hukum</li>\r\n                <li>Jumlah Layanan Hukum adalah jumlah Pencari Keadilan yang terdaftar pada Register Posbakum</li>\r\n            </ul>','Jumlah Pencari Keadilan Golongan Tertentu yang Mendapatkan Layanan Bantuan Hukum','Jumlah Permohonan Layanan Hukum','1',NULL,NULL,NULL,NULL),
(14,14,'Persentase Putusan Perkara Perdata yang Ditindak lanjuti (Dieksekusi)',NULL,NULL,NULL,'1',NULL,NULL,NULL,NULL);

/*Table structure for table `ref_sasaran` */


CREATE TABLE `ref_sasaran` (
  `id` int(11) NOT NULL AUTO_INCREMENT,
  `tingkat_pengadilan` int(11) DEFAULT NULL COMMENT '1:Pengadilan TK I,2;TK Banding',
  `jenis_pengadilan` int(1) DEFAULT NULL COMMENT '1:Umum,2:Militer,3:TUN,4:Agama',
  `sasaran` char(255) DEFAULT NULL,
  `keterangan` char(255) DEFAULT NULL,
  `aktif` int(1) DEFAULT NULL COMMENT '1:Aktif,0:Tidak',
  `urutan` int(10) DEFAULT NULL,
  PRIMARY KEY (`id`)
) ENGINE=InnoDB AUTO_INCREMENT=5 DEFAULT CHARSET=latin1;

/*Data for the table `ref_sasaran` */

insert  into `ref_sasaran`(`id`,`tingkat_pengadilan`,`jenis_pengadilan`,`sasaran`,`keterangan`,`aktif`,`urutan`) values 
(1,2,1,'Terwujudnya Peradilan yang Pasti,Transparan dan  Akuntabel.',NULL,1,1),
(2,2,1,'Peningkatan Efektivitas Pengelolaan Penyelesaian Perkara',NULL,1,2),
(3,1,1,'Terwujuclnya Peradilan yang Pasti,Transparan dan Akuntabel.',NULL,1,1),
(4,1,1,'Peningkatan Efektivitas Pengelolaan Penyelesaian Perkara.',NULL,1,2);

/*Table structure for table `sys_config` */


CREATE TABLE `sys_config` (
  `id` int(11) unsigned NOT NULL AUTO_INCREMENT,
  `category` varchar(50) NOT NULL,
  `name` varchar(50) NOT NULL,
  `value` varchar(255) DEFAULT NULL,
  `ordering` int(11) unsigned NOT NULL,
  PRIMARY KEY (`id`),
  UNIQUE KEY `NAME` (`name`)
) ENGINE=MyISAM AUTO_INCREMENT=105 DEFAULT CHARSET=latin1;

/*Data for the table `sys_config` */

insert  into `sys_config`(`id`,`category`,`name`,`value`,`ordering`) values 
(1,'Site','OfflineMessage','<p>Situs ini sedang dalam perbaikan.<br />Silahkan periksa kembali beberapa saat lagi.</p>',7),
(3,'Site','MetaDescription','Surat',5),
(4,'Site','MetaKeyWords','Surat',4),
(5,'Site','SiteName','eVAKIP',2),
(62,'Site','NamaPN','PENGADILAN NEGERI ...........',23),
(63,'Site','AlamatPN','Jl. ..........',24),
(82,'site','kode_satker','626156',0),
(83,'System','jenis_pengadilan','1',0),
(21,'perkara','var_perdata','1,2,3,4,5,7,8',0),
(22,'perkara','var_perdata_phi','6',0),
(23,'perkara','var_pidana','111,112,113,116,117,118,119',0),
(24,'perkara','var_pidana_khusus_tipikor','115',0),
(11,'menus','is_menu_phi','1',1),
(12,'menus','is_menu_tipikor','1',2),
(13,'menus','is_menu_sidang_keliling','0',3),
(14,'menus','is_menu_prodeo','1',4);

/*Table structure for table `sys_config_copy` */


CREATE TABLE `sys_config_copy` (
  `id` int(11) unsigned NOT NULL AUTO_INCREMENT,
  `category` varchar(50) NOT NULL,
  `name` varchar(50) NOT NULL,
  `value` varchar(255) DEFAULT NULL,
  `ordering` int(11) unsigned NOT NULL,
  PRIMARY KEY (`id`),
  UNIQUE KEY `NAME` (`name`)
) ENGINE=MyISAM AUTO_INCREMENT=84 DEFAULT CHARSET=latin1;

/*Data for the table `sys_config_copy` */

insert  into `sys_config_copy`(`id`,`category`,`name`,`value`,`ordering`) values 
(1,'Site','OfflineMessage','<p>Situs ini sedang dalam perbaikan.<br />Silahkan periksa kembali beberapa saat lagi.</p>',7),
(2,'Site','ContentRight','asdasd',6),
(3,'Site','MetaDescription','Surat',5),
(4,'Site','MetaKeyWords','Surat',4),
(5,'Site','SiteName','eVAKIP',2),
(62,'Site','NamaPN','PENGADILAN NEGERI KEPANJEN KELAS II',23),
(63,'Site','AlamatPN','Jl. R. Panji No. 205, KEPANJEN',24),
(82,'site','kode_satker','626156',0),
(83,'System','jenis_pengadilan','1',0),
(21,'perkara','var_perdata',NULL,0),
(22,'perkara','var_perdata_khusus',NULL,0),
(23,'perkara','var_pidana',NULL,0),
(24,'perkara','var_pidana_khusus',NULL,0);

/*Table structure for table `sys_users` */


CREATE TABLE `sys_users` (
  `userid` int(11) NOT NULL COMMENT 'UserId: (by system)',
  `fullname` varchar(255) NOT NULL DEFAULT '' COMMENT 'Nama Lengkap: isian bebas',
  `username` varchar(30) NOT NULL DEFAULT '' COMMENT 'Nama User: isian bebas',
  `password` varchar(100) NOT NULL DEFAULT '' COMMENT 'Password: sudah di-encript',
  `old_password` varchar(400) NOT NULL DEFAULT '' COMMENT 'Password Lama: menggunakan separator semicolon (by system)',
  `email` varchar(100) NOT NULL DEFAULT '' COMMENT 'Alamat Email: format email',
  `alternative_email` varchar(255) NOT NULL DEFAULT '' COMMENT 'Alamat Email Alternatif: menggunakan separator semicolon',
  `allow_concurrent_login` tinyint(1) NOT NULL DEFAULT '-1' COMMENT 'Diperbolehkan Login Bersamaan: Pilihan (-1=global; 0=single login 1=multiple login)',
  `has_change_password` tinyint(1) NOT NULL DEFAULT '0' COMMENT 'Sudah Ganti Password: 0=belum 1=sudah (by system)',
  `enable_change_password` tinyint(1) NOT NULL DEFAULT '1' COMMENT 'Diperbolehkan Ganti Password: pilihan 0=Tidak; 1=Ya',
  `last_change_password` datetime DEFAULT NULL COMMENT 'Waktu Terakhir Ganti Password: (by system)',
  `password_expired_remainder` int(11) NOT NULL DEFAULT '-1' COMMENT 'Pengingat Password Kadaluarsa: Pilihan \r\n(-1=ikut ke global konfigurasi)',
  `attemp_count` int(11) NOT NULL DEFAULT '0' COMMENT 'Jumlah Kesalahan Password',
  `attemp_time` datetime DEFAULT NULL COMMENT 'Waktu Terakhir Kesalahan Password',
  `user_expired` datetime DEFAULT NULL COMMENT 'Waktu Kadaluarsa User: isian tanggal',
  `last_login` datetime DEFAULT NULL COMMENT 'Tanggal Terakhir Login: (by system)',
  `block` tinyint(1) NOT NULL DEFAULT '0' COMMENT 'Blok User: pilihan 0=Tidak; 1=ya',
  `activation` varchar(100) NOT NULL DEFAULT '' COMMENT 'kode aktivasi',
  `code_activation` varchar(100) DEFAULT NULL COMMENT 'kode aktivasi',
  `params` varchar(255) DEFAULT NULL,
  `lock_by` varchar(30) DEFAULT NULL,
  `lock_on` datetime DEFAULT NULL COMMENT 'Diedit Tanggal: (by system)',
  `created_by` varchar(30) DEFAULT NULL COMMENT 'Diinput Oleh: (by system)',
  `created_on` datetime DEFAULT NULL COMMENT 'Diinput Tanggal: (by system)',
  `modified_by` varchar(30) DEFAULT NULL COMMENT 'Diperbaharui oleh: (by system)',
  `modified_on` datetime DEFAULT NULL COMMENT 'Diperbaharui Tanggal: (by system)',
  PRIMARY KEY (`userid`),
  UNIQUE KEY `username` (`username`),
  UNIQUE KEY `username_2` (`username`)
) ENGINE=InnoDB DEFAULT CHARSET=latin1 COMMENT='Data User';

/*Data for the table `sys_users` */

insert  into `sys_users`(`userid`,`fullname`,`username`,`password`,`old_password`,`email`,`alternative_email`,`allow_concurrent_login`,`has_change_password`,`enable_change_password`,`last_change_password`,`password_expired_remainder`,`attemp_count`,`attemp_time`,`user_expired`,`last_login`,`block`,`activation`,`code_activation`,`params`,`lock_by`,`lock_on`,`created_by`,`created_on`,`modified_by`,`modified_on`) values 
(-1,'Administrator','admin','d52fbb9e55d11fd9855dda5848cd91dd','9e24d23de65f136b32ef8ffaad9d2086;9e24d23de65f136b32ef8ffaad9d2086;','admin_reject@gmail.com','',-1,1,1,'2013-07-25 11:16:45',-1,0,NULL,NULL,'2020-03-09 09:45:20',0,'38118aa517206e0459d1b5078ca702b3','7e6e85f6cb2fc576903401a0f0e1ebad','','',NULL,'','2011-03-22 23:36:46','admin','2020-01-16 07:23:36');

/*Table structure for table `sys_users_` */


CREATE TABLE `sys_users_` (
  `userid` int(11) NOT NULL COMMENT 'UserId: (by system)',
  `fullname` varchar(255) NOT NULL DEFAULT '' COMMENT 'Nama Lengkap: isian bebas',
  `username` varchar(30) NOT NULL DEFAULT '' COMMENT 'Nama User: isian bebas',
  `password` varchar(100) NOT NULL DEFAULT '' COMMENT 'Password: sudah di-encript',
  `old_password` varchar(400) NOT NULL DEFAULT '' COMMENT 'Password Lama: menggunakan separator semicolon (by system)',
  `email` varchar(100) NOT NULL DEFAULT '' COMMENT 'Alamat Email: format email',
  `alternative_email` varchar(255) NOT NULL DEFAULT '' COMMENT 'Alamat Email Alternatif: menggunakan separator semicolon',
  `allow_concurrent_login` tinyint(1) NOT NULL DEFAULT '-1' COMMENT 'Diperbolehkan Login Bersamaan: Pilihan (-1=global; 0=single login 1=multiple login)',
  `has_change_password` tinyint(1) NOT NULL DEFAULT '0' COMMENT 'Sudah Ganti Password: 0=belum 1=sudah (by system)',
  `enable_change_password` tinyint(1) NOT NULL DEFAULT '1' COMMENT 'Diperbolehkan Ganti Password: pilihan 0=Tidak; 1=Ya',
  `last_change_password` datetime DEFAULT NULL COMMENT 'Waktu Terakhir Ganti Password: (by system)',
  `password_expired_remainder` int(11) NOT NULL DEFAULT '-1' COMMENT 'Pengingat Password Kadaluarsa: Pilihan \r\n(-1=ikut ke global konfigurasi)',
  `attemp_count` int(11) NOT NULL DEFAULT '0' COMMENT 'Jumlah Kesalahan Password',
  `attemp_time` datetime DEFAULT NULL COMMENT 'Waktu Terakhir Kesalahan Password',
  `user_expired` datetime DEFAULT NULL COMMENT 'Waktu Kadaluarsa User: isian tanggal',
  `last_login` datetime DEFAULT NULL COMMENT 'Tanggal Terakhir Login: (by system)',
  `block` tinyint(1) NOT NULL DEFAULT '0' COMMENT 'Blok User: pilihan 0=Tidak; 1=ya',
  `activation` varchar(100) NOT NULL DEFAULT '' COMMENT 'kode aktivasi',
  `code_activation` varchar(100) DEFAULT NULL COMMENT 'kode aktivasi',
  `params` varchar(255) DEFAULT NULL COMMENT 'parameter lain',
  `lock_by` varchar(30) DEFAULT NULL COMMENT 'Diedit Oleh: (by system)',
  `lock_on` datetime DEFAULT NULL COMMENT 'Diedit Tanggal: (by system)',
  `created_by` varchar(30) DEFAULT NULL COMMENT 'Diinput Oleh: (by system)',
  `created_on` datetime DEFAULT NULL COMMENT 'Diinput Tanggal: (by system)',
  `modified_by` varchar(30) DEFAULT NULL COMMENT 'Diperbaharui oleh: (by system)',
  `modified_on` datetime DEFAULT NULL COMMENT 'Diperbaharui Tanggal: (by system)',
  PRIMARY KEY (`userid`),
  UNIQUE KEY `username` (`username`),
  UNIQUE KEY `username_2` (`username`)
) ENGINE=InnoDB DEFAULT CHARSET=latin1 COMMENT='Data User';

/*Data for the table `sys_users_` */

insert  into `sys_users_`(`userid`,`fullname`,`username`,`password`,`old_password`,`email`,`alternative_email`,`allow_concurrent_login`,`has_change_password`,`enable_change_password`,`last_change_password`,`password_expired_remainder`,`attemp_count`,`attemp_time`,`user_expired`,`last_login`,`block`,`activation`,`code_activation`,`params`,`lock_by`,`lock_on`,`created_by`,`created_on`,`modified_by`,`modified_on`) values 
(1,'Super Administrator','admin','ae212f1bba3933b81a59c709624ec681','e96468c015e8fcdf32d6f5da896e834c;22d3b91575acfd31a747aa90148723e2;9e24d23de65f136b32ef8ffaad9d2086;9e24d23de65f136b32ef8ffaad9d2086;','pntanjungpinang@gmail.com','',-1,1,1,'2013-06-26 10:47:47',-1,1,'2016-05-11 15:48:22',NULL,'2023-02-10 11:29:18',0,'b6eb0026bd354fc40795dac702526d8f','695b8b6b0a95709a860507994e8a88fa','','',NULL,'','2011-03-22 23:36:46','admin','2022-12-26 12:24:49');

/*Table structure for table `trx_laporan` */


CREATE TABLE `trx_laporan` (
  `id` int(11) NOT NULL AUTO_INCREMENT,
  `jenis_laporan` int(11) DEFAULT NULL,
  `thn_bln_laporan` date DEFAULT NULL,
  `pembilang` float DEFAULT NULL,
  `penyebut` float DEFAULT NULL,
  `link_eviden` text,
  `catatan` tinytext,
  `diinput_oleh` varchar(30) DEFAULT NULL,
  `diinput_tanggal` datetime DEFAULT NULL,
  `diperbaharui_oleh` varchar(30) DEFAULT NULL,
  `diperbaharui_tanggal` datetime DEFAULT NULL,
  PRIMARY KEY (`id`)
) ENGINE=InnoDB AUTO_INCREMENT=27 DEFAULT CHARSET=latin1;

/*Data for the table `trx_laporan` */

insert  into `trx_laporan`(`id`,`jenis_laporan`,`thn_bln_laporan`,`pembilang`,`penyebut`,`link_eviden`,`catatan`,`diinput_oleh`,`diinput_tanggal`,`diperbaharui_oleh`,`diperbaharui_tanggal`) values 
(1,3,'2022-01-01',32,55,NULL,'Keterangan Edit',NULL,NULL,NULL,'2023-02-23 17:34:07'),
(2,3,'2023-02-01',52,54,NULL,'Edit ',NULL,NULL,NULL,'2023-02-23 17:53:46'),
(3,12,'2022-01-01',6,7,NULL,NULL,NULL,NULL,NULL,NULL),
(4,12,'2022-01-01',4,5,NULL,NULL,NULL,NULL,NULL,NULL),
(5,13,'2022-01-01',45,46,NULL,NULL,NULL,NULL,NULL,NULL),
(6,13,'2022-01-01',40,41,NULL,NULL,NULL,NULL,NULL,NULL),
(7,13,'2022-01-01',38,39,NULL,NULL,NULL,NULL,NULL,NULL),
(13,7,'2022-01-01',3.7,98.1,'https://cdn.pt-pekanbaru.go.id/evakip_pn/monev/YTQzODI5ZTFmMTZjOTQ2MWQzZDkxMzNmYmFhNDllMDQwMjI1OGU2MzRkOTllYjRiZjE0YjdhMDE5Y2E4ZWNmNmI5Y2I3YmY3ZjUxYmNhODc3ZjM1NzZhYzNlOWY2MWY1ZDM5ZmE0NTViMWRjMzAzN2Q1NmYyYzc2MzU5NjI3N2V0cHJyU2YzUE9BQi9GRFlKSnRmaERMMFJpTCtCRmhBVEFtQ2NWbC9XL0tzPQ==#!','KeTeranganan Input',NULL,'2023-02-23 15:43:32','admin','2023-02-27 19:28:00'),
(14,7,'2022-05-01',3.2,97.7,NULL,'Triwulan 2',NULL,'2023-02-23 15:44:39',NULL,NULL),
(15,13,'2022-01-01',12,12,NULL,'Posbakum Bulan Januari 2022',NULL,'2023-02-23 15:45:47',NULL,NULL),
(16,3,'2022-03-03',167,169,NULL,'Perkara dengan Pendekatan Keadilan Restoratif edit',NULL,'2023-02-23 15:52:05',NULL,'2023-02-23 17:47:31'),
(17,3,'2022-05-01',5,6,NULL,'Test',NULL,'2023-02-23 15:52:35',NULL,NULL),
(20,7,'2022-08-20',3.4,98,'https://www.detik.com/','','admin','2023-03-02 16:26:22','admin','2023-03-02 16:27:11'),
(21,3,'2022-07-14',34,89,'','','admin','2023-03-09 22:09:13','admin','2023-03-09 22:09:32'),
(23,7,'2022-03-01',3.5,98,'','','admin','2023-03-10 15:14:01',NULL,NULL),
(24,7,'2023-03-01',3.3,98,'','','admin','2023-03-10 15:15:38',NULL,NULL),
(25,3,'2023-01-01',30,30,'','','admin','2023-08-04 16:33:34',NULL,NULL),
(26,7,'2023-06-01',3.8,92,'https://www.google.com/search?q=data+sedang+tidak+tersedia+livin+mandiri&rlz=1C5CHFA_enID889ID889&sxsrf=AB5stBi1MCok3SvHWdmHdQTrSl8Jur4PhA:1691136355236&ei=Y7HMZJGJDqCP4-EP5YmM6Aw&oq=data+tidak+terse&gs_lp=Egxnd3Mtd2l6LXNlcnAiEGRhdGEgdGlkYWsgdGVyc2UqAggCMgUQABiABDIFEAAYgAQyBhAAGBYYHjIGEAAYFhgeMgYQABgWGB4yBhAAGBYYHjIGEAAYFhgeMgYQABgWGB4yBhAAGBYYHjIGEAAYFhgeSLCPAVC_L1iMUnADeACQAQCYAYABoAH5CaoBBDE0LjK4AQHIAQD4AQHCAgcQIxiKBRgnwgIEECMYJ8ICCBAAGIoFGJECwgIREC4YgAQYsQMYgwEYxwEY0QPCAgsQABiABBixAxiDAcICCBAAGIAEGLEDwgINEAAYigUYsQMYgwEYCsICBxAAGIoFGEPCAhAQABiABBgUGIcCGLEDGIMBwgIIEAAYgAQYywHCAgoQABiABBgKGMsBwgIHEAAYgAQYCuIDBBgBIEGIBgE&sclient=gws-wiz-serp','Link Nya','admin','2023-08-04 16:36:54','admin','2023-08-04 16:37:23');

/*Table structure for table `trx_target` */


CREATE TABLE `trx_target` (
  `id` int(11) NOT NULL AUTO_INCREMENT,
  `id_indikator` int(11) DEFAULT NULL,
  `tahun` tinytext,
  `target` float DEFAULT NULL,
  `keterangan` tinytext,
  `diinput_oleh` varchar(30) DEFAULT NULL,
  `diinput_tanggal` datetime DEFAULT NULL,
  `diperbaharui_oleh` varchar(30) DEFAULT NULL,
  `diperbaharui_tanggal` datetime DEFAULT NULL,
  PRIMARY KEY (`id`)
) ENGINE=InnoDB AUTO_INCREMENT=32 DEFAULT CHARSET=latin1;

/*Data for the table `trx_target` */

insert  into `trx_target`(`id`,`id_indikator`,`tahun`,`target`,`keterangan`,`diinput_oleh`,`diinput_tanggal`,`diperbaharui_oleh`,`diperbaharui_tanggal`) values 
(1,1,'2022',70,NULL,NULL,NULL,NULL,NULL),
(2,2,'2022',70,NULL,NULL,NULL,NULL,NULL),
(3,3,'2022',1,NULL,NULL,NULL,NULL,NULL),
(4,4,'2022',95,NULL,NULL,NULL,NULL,NULL),
(5,5,'2022',97,NULL,NULL,NULL,NULL,NULL),
(6,6,'2022',40,NULL,NULL,NULL,NULL,NULL),
(7,7,'2022',95,NULL,NULL,NULL,NULL,NULL),
(8,8,'2022',97,NULL,NULL,NULL,NULL,NULL),
(9,9,'2022',97,NULL,NULL,NULL,NULL,NULL),
(10,10,'2022',3,NULL,NULL,NULL,NULL,NULL),
(11,11,'2022',0,NULL,NULL,NULL,NULL,NULL),
(12,12,'2022',0,NULL,NULL,NULL,NULL,NULL),
(13,13,'2022',95,NULL,NULL,NULL,NULL,NULL),
(14,14,'2022',15,NULL,NULL,NULL,NULL,NULL),
(15,1,'2023',80,'',NULL,NULL,'admin','2023-03-02 22:14:47'),
(16,2,'2023',70,NULL,NULL,NULL,NULL,NULL),
(17,3,'2023',10,'',NULL,NULL,'admin','2023-03-09 17:00:41'),
(18,4,'2023',95,NULL,NULL,NULL,NULL,NULL),
(19,5,'2023',97,NULL,NULL,NULL,NULL,NULL),
(20,6,'2023',40,NULL,NULL,NULL,NULL,NULL),
(21,7,'2023',95,NULL,NULL,NULL,NULL,NULL),
(22,8,'2023',97,NULL,NULL,NULL,NULL,NULL),
(23,9,'2023',97,NULL,NULL,NULL,NULL,NULL),
(24,10,'2023',3,NULL,NULL,NULL,NULL,NULL),
(25,11,'2023',0,NULL,NULL,NULL,NULL,NULL),
(26,12,'2023',0,NULL,NULL,NULL,NULL,NULL),
(27,13,'2023',95,NULL,NULL,NULL,NULL,NULL),
(28,14,'2023',15,NULL,NULL,NULL,NULL,NULL),
(29,21,'2023',90,'','admin','2023-08-05 17:07:17',NULL,NULL),
(31,22,'2023',80,'','admin','2023-08-06 04:09:43',NULL,NULL);

/* Function  structure for function  `getWorkingDays` */

/*!50003 DROP FUNCTION IF EXISTS `getWorkingDays` */;
DELIMITER $$

/*!50003 CREATE FUNCTION `getWorkingDays`(startDate DATE, endDate DATE) RETURNS int(11)
BEGIN
    DECLARE totalWorkingDays INT;
    DECLARE currentDate DATE;
    DECLARE currentDayOfWeek INT;
    SET totalWorkingDays = 0;
    SET currentDate = startDate;
    WHILE currentDate <= endDate DO
        SET currentDayOfWeek = DAYOFWEEK(currentDate);
        IF currentDayOfWeek >= 2 AND currentDayOfWeek <= 6 THEN
            SET totalWorkingDays = totalWorkingDays + 1;
        END IF;
        SET currentDate = DATE_ADD(currentDate, INTERVAL 1 DAY);
    END WHILE;
    RETURN totalWorkingDays;
END */$$
DELIMITER ;

